2351 is divided by 781?
780
Calculate the remainder when 1537 is divided by 91.
81
What is the remainder when 3102 is divided by 181?
25
What is the remainder when 2286154 is divided by 542?
540
Calculate the remainder when 4258 is divided by 1409.
31
Calculate the remainder when 59633 is divided by 29813.
7
Calculate the remainder when 11158 is divided by 31.
29
Calculate the remainder when 5089 is divided by 130.
19
What is the remainder when 6975 is divided by 1531?
851
What is the remainder when 27786 is divided by 262?
14
Calculate the remainder when 22638 is divided by 163.
144
What is the remainder when 6349 is divided by 2752?
845
What is the remainder when 26760 is divided by 152?
8
Calculate the remainder when 8626 is divided by 432.
418
What is the remainder when 39524 is divided by 47?
44
What is the remainder when 87057 is divided by 36?
9
Calculate the remainder when 114956 is divided by 52.
36
What is the remainder when 40670 is divided by 73?
9
What is the remainder when 10713 is divided by 162?
21
What is the remainder when 3722 is divided by 1204?
110
Calculate the remainder when 2048 is divided by 106.
34
Calculate the remainder when 824213 is divided by 7.
5
Calculate the remainder when 12569 is divided by 1814.
1685
Calculate the remainder when 50855 is divided by 78.
77
What is the remainder when 6793 is divided by 754?
7
What is the remainder when 899887 is divided by 299960?
7
Calculate the remainder when 562948 is divided by 4853.
0
Calculate the remainder when 155072 is divided by 176.
16
Calculate the remainder when 415 is divided by 246.
169
Calculate the remainder when 404686 is divided by 48.
46
Calculate the remainder when 35790 is divided by 3962.
132
What is the remainder when 247 is divided by 16?
7
What is the remainder when 439366 is divided by 59?
52
Calculate the remainder when 170663 is divided by 34130.
13
What is the remainder when 449713 is divided by 162?
1
What is the remainder when 3179 is divided by 229?
202
Calculate the remainder when 31071 is divided by 66.
51
What is the remainder when 30361 is divided by 73?
66
Calculate the remainder when 43362 is divided by 2168.
2
Calculate the remainder when 2539 is divided by 562.
291
Calculate the remainder when 118732 is divided by 39569.
25
What is the remainder when 17538 is divided by 8304?
930
Calculate the remainder when 1702 is divided by 1298.
404
Calculate the remainder when 48726 is divided by 48691.
35
What is the remainder when 184323 is divided by 3124?
7
Calculate the remainder when 739 is divided by 17.
8
Calculate the remainder when 5712 is divided by 419.
265
Calculate the remainder when 13748 is divided by 859.
4
What is the remainder when 192078 is divided by 5335?
18
Calculate the remainder when 6282 is divided by 627.
12
What is the remainder when 10053 is divided by 2330?
733
What is the remainder when 32987 is divided by 233?
134
What is the remainder when 168858 is divided by 501?
21
What is the remainder when 65167 is divided by 459?
448
Calculate the remainder when 16692 is divided by 20.
12
Calculate the remainder when 133096 is divided by 22.
18
Calculate the remainder when 1709 is divided by 421.
25
What is the remainder when 10033 is divided by 3342?
7
What is the remainder when 20097 is divided by 872?
41
What is the remainder when 3811 is divided by 134?
59
What is the remainder when 78909 is divided by 130?
129
Calculate the remainder when 1888 is divided by 375.
13
Calculate the remainder when 2130 is divided by 214.
204
What is the remainder when 1209673 is divided by 203?
199
Calculate the remainder when 27728 is divided by 9177.
197
What is the remainder when 49622 is divided by 712?
494
What is the remainder when 175001 is divided by 19?
11
What is the remainder when 120325 is divided by 5729?
16
What is the remainder when 2307 is divided by 1227?
1080
What is the remainder when 5418 is divided by 225?
18
Calculate the remainder when 1570 is divided by 87.
4
Calculate the remainder when 878119 is divided by 232.
231
Calculate the remainder when 8573 is divided by 52.
45
Calculate the remainder when 21220 is divided by 91.
17
Calculate the remainder when 92143 is divided by 43.
37
What is the remainder when 64877 is divided by 128?
109
Calculate the remainder when 77858 is divided by 123.
122
Calculate the remainder when 8307 is divided by 62.
61
What is the remainder when 9975 is divided by 74?
59
Calculate the remainder when 3947 is divided by 496.
475
What is the remainder when 14120 is divided by 2008?
64
Calculate the remainder when 485274 is divided by 9332.
10
What is the remainder when 9044 is divided by 1129?
12
What is the remainder when 488 is divided by 28?
12
Calculate the remainder when 318379 is divided by 1027.
9
What is the remainder when 47186 is divided by 32?
18
What is the remainder when 73371 is divided by 36682?
7
What is the remainder when 70851 is divided by 63?
39
Calculate the remainder when 213464 is divided by 11.
9
Calculate the remainder when 515 is divided by 93.
50
What is the remainder when 119940 is divided by 7996?
0
What is the remainder when 346444 is divided by 175?
119
Calculate the remainder when 9586 is divided by 1055.
91
What is the remainder when 302357 is divided by 313?
312
Calculate the remainder when 598786 is divided by 113.
112
Calculate the remainder when 23883 is divided by 3411.
6
What is the remainder when 21531 is divided by 287?
6
What is the remainder when 48671 is divided by 78?
77
What is the remainder when 10298 is divided by 3428?
14
What is the remainder when 14863 is divided by 126?
121
Calculate the remainder when 565304 is divided by 298.
296
What is the remainder when 430803 is divided by 43078?
23
Calculate the remainder when 8635 is divided by 1304.
811
Calculate the remainder when 305588 is divided by 18.
2
Calculate the remainder when 18139 is divided by 419.
122
Calculate the remainder when 6898 is divided by 313.
12
Calculate the remainder when 347022 is divided by 22.
16
What is the remainder when 2068 is divided by 156?
40
Calculate the remainder when 40 is divided by 23.
17
Calculate the remainder when 56340 is divided by 569.
9
What is the remainder when 1227 is divided by 292?
59
Calculate the remainder when 720291 is divided by 163.
157
What is the remainder when 24039 is divided by 536?
455
Calculate the remainder when 42885 is divided by 349.
307
What is the remainder when 6994 is divided by 322?
232
Calculate the remainder when 450510 is divided by 29.
24
What is the remainder when 345275 is divided by 4370?
45
Calculate the remainder when 1856 is divided by 372.
368
What is the remainder when 3448 is divided by 1715?
18
What is the remainder when 56892 is divided by 85?
27
Calculate the remainder when 62637 is divided by 100.
37
What is the remainder when 20990 is divided by 256?
254
What is the remainder when 3117 is divided by 85?
57
Calculate the remainder when 16366 is divided by 169.
142
Calculate the remainder when 29544 is divided by 123.
24
Calculate the remainder when 28454 is divided by 5678.
64
Calculate the remainder when 940 is divided by 462.
16
What is the remainder when 589584 is divided by 196506?
66
Calculate the remainder when 20201 is divided by 24.
17
Calculate the remainder when 43010 is divided by 767.
58
Calculate the remainder when 204007 is divided by 119.
41
Calculate the remainder when 220549 is divided by 758.
729
Calculate the remainder when 1082618 is divided by 28.
26
What is the remainder when 7591 is divided by 1496?
111
Calculate the remainder when 329339 is divided by 32933.
9
Calculate the remainder when 113931 is divided by 13.
12
What is the remainder when 9674 is divided by 56?
42
Calculate the remainder when 40937 is divided by 20462.
13
Calculate the remainder when 5148 is divided by 246.
228
What is the remainder when 10660 is divided by 24?
4
What is the remainder when 388 is divided by 62?
16
Calculate the remainder when 5578 is divided by 34.
2
Calculate the remainder when 390838 is divided by 18.
4
What is the remainder when 5353 is divided by 137?
10
What is the remainder when 6222 is divided by 799?
629
Calculate the remainder when 667 is divided by 13.
4
What is the remainder when 5